[INFO] fetching crate glm_color 0.1.2...
[INFO] checking glm_color-0.1.2 against try#72f88fc4e9458f89516a0b8b0868f3718aec5b47 for pr-74989
[INFO] extracting crate glm_color 0.1.2 into /workspace/builds/worker-7/source
[INFO] validating manifest of crates.io crate glm_color 0.1.2 on toolchain 72f88fc4e9458f89516a0b8b0868f3718aec5b47
[INFO] running `Command { std: "/workspace/cargo-home/bin/cargo" "+72f88fc4e9458f89516a0b8b0868f3718aec5b47" "read-manifest" "--manifest-path" "Cargo.toml", kill_on_drop: false }`
[INFO] started tweaking crates.io crate glm_color 0.1.2
[INFO] finished tweaking crates.io crate glm_color 0.1.2
[INFO] tweaked toml for crates.io crate glm_color 0.1.2 written to /workspace/builds/worker-7/source/Cargo.toml
[INFO] running `Command { std: "/workspace/cargo-home/bin/cargo" "+72f88fc4e9458f89516a0b8b0868f3718aec5b47" "generate-lockfile" "--manifest-path" "Cargo.toml" "-Zno-index-update", kill_on_drop: false }`
[INFO] running `Command { std: "/workspace/cargo-home/bin/cargo" "+72f88fc4e9458f89516a0b8b0868f3718aec5b47" "fetch" "--locked" "--manifest-path" "Cargo.toml", kill_on_drop: false }`
[INFO] [stderr]     Blocking waiting for file lock on package cache
[INFO] [stderr]     Blocking waiting for file lock on package cache
[INFO] running `Command { std: "docker" "create" "-v" "/var/lib/crater-agent-workspace/builds/worker-7/target:/opt/rustwide/target:rw,Z" "-v" "/var/lib/crater-agent-workspace/builds/worker-7/source:/opt/rustwide/workdir:ro,Z" "-v" "/var/lib/crater-agent-workspace/cargo-home:/opt/rustwide/cargo-home:ro,Z" "-v" "/var/lib/crater-agent-workspace/rustup-home:/opt/rustwide/rustup-home:ro,Z" "-e" "SOURCE_DIR=/opt/rustwide/workdir" "-e" "CARGO_TARGET_DIR=/opt/rustwide/target" "-e" "CARGO_HOME=/opt/rustwide/cargo-home" "-e" "RUSTUP_HOME=/opt/rustwide/rustup-home" "-w" "/opt/rustwide/workdir" "-m" "1610612736" "--user" "0:0" "--network" "none" "rustops/crates-build-env@sha256:d92eaeed33fa75130ca1ee6c8a01d1ffb62bac859dfdfb3450e3e5d1c0146529" "/opt/rustwide/cargo-home/bin/cargo" "+72f88fc4e9458f89516a0b8b0868f3718aec5b47" "metadata" "--no-deps" "--format-version=1", kill_on_drop: false }`
[INFO] [stdout] 95248731a83772bc9f74617ede7ad30034858b657ba9ce1bc5d64b4a50e326ec
[INFO] [stderr] WARNING: Your kernel does not support swap limit capabilities or the cgroup is not mounted. Memory limited without swap.
[INFO] running `Command { std: "docker" "start" "-a" "95248731a83772bc9f74617ede7ad30034858b657ba9ce1bc5d64b4a50e326ec", kill_on_drop: false }`
[INFO] running `Command { std: "docker" "inspect" "95248731a83772bc9f74617ede7ad30034858b657ba9ce1bc5d64b4a50e326ec", kill_on_drop: false }`
[INFO] running `Command { std: "docker" "rm" "-f" "95248731a83772bc9f74617ede7ad30034858b657ba9ce1bc5d64b4a50e326ec", kill_on_drop: false }`
[INFO] [stdout] 95248731a83772bc9f74617ede7ad30034858b657ba9ce1bc5d64b4a50e326ec
[INFO] running `Command { std: "docker" "create" "-v" "/var/lib/crater-agent-workspace/builds/worker-7/target:/opt/rustwide/target:rw,Z" "-v" "/var/lib/crater-agent-workspace/builds/worker-7/source:/opt/rustwide/workdir:ro,Z" "-v" "/var/lib/crater-agent-workspace/cargo-home:/opt/rustwide/cargo-home:ro,Z" "-v" "/var/lib/crater-agent-workspace/rustup-home:/opt/rustwide/rustup-home:ro,Z" "-e" "SOURCE_DIR=/opt/rustwide/workdir" "-e" "CARGO_TARGET_DIR=/opt/rustwide/target" "-e" "CARGO_INCREMENTAL=0" "-e" "RUST_BACKTRACE=full" "-e" "RUSTFLAGS=--cap-lints=forbid" "-e" "CARGO_HOME=/opt/rustwide/cargo-home" "-e" "RUSTUP_HOME=/opt/rustwide/rustup-home" "-w" "/opt/rustwide/workdir" "-m" "1610612736" "--user" "0:0" "--network" "none" "rustops/crates-build-env@sha256:d92eaeed33fa75130ca1ee6c8a01d1ffb62bac859dfdfb3450e3e5d1c0146529" "/opt/rustwide/cargo-home/bin/cargo" "+72f88fc4e9458f89516a0b8b0868f3718aec5b47" "check" "--frozen" "--all" "--all-targets" "--message-format=json", kill_on_drop: false }`
[INFO] [stdout] f979f0f5e59dfda519b975cc92b41a3af6f6a8615e97e11c2dcb7ea05eb91aaf
[INFO] [stderr] WARNING: Your kernel does not support swap limit capabilities or the cgroup is not mounted. Memory limited without swap.
[INFO] running `Command { std: "docker" "start" "-a" "f979f0f5e59dfda519b975cc92b41a3af6f6a8615e97e11c2dcb7ea05eb91aaf", kill_on_drop: false }`
[INFO] [stderr]    Compiling autocfg v1.0.1
[INFO] [stderr]     Checking thread_local v1.0.1
[INFO] [stderr]     Checking rand v0.4.6
[INFO] [stderr]     Checking memchr v0.1.11
[INFO] [stderr]     Checking log v0.4.11
[INFO] [stderr]     Checking getrandom v0.1.15
[INFO] [stderr]     Checking thread-id v2.0.0
[INFO] [stderr]     Checking aho-corasick v0.5.3
[INFO] [stderr]     Checking thread_local v0.2.7
[INFO] [stderr]     Checking regex v1.3.9
[INFO] [stderr]     Checking rand_core v0.5.1
[INFO] [stderr]     Checking log v0.3.9
[INFO] [stderr]    Compiling num-traits v0.2.12
[INFO] [stderr]    Compiling num-integer v0.1.43
[INFO] [stderr]    Compiling num-iter v0.1.41
[INFO] [stderr]     Checking rand_chacha v0.2.2
[INFO] [stderr]     Checking regex v0.1.80
[INFO] [stderr]     Checking rand v0.7.3
[INFO] [stderr]     Checking rand v0.3.23
[INFO] [stderr]     Checking env_logger v0.3.5
[INFO] [stderr]     Checking quickcheck v0.2.27
[INFO] [stderr]     Checking num-complex v0.1.43
[INFO] [stderr]     Checking env_logger v0.7.1
[INFO] [stderr]     Checking num-bigint v0.1.44
[INFO] [stderr]     Checking quickcheck v0.9.2
[INFO] [stderr]     Checking num-rational v0.1.42
[INFO] [stderr]     Checking num v0.1.42
[INFO] [stderr]     Checking glm v0.2.3
[INFO] [stderr]     Checking glm_color v0.1.2 (/opt/rustwide/workdir)
[INFO] [stdout] error[E0432]: unresolved import `rand::Rand`
[INFO] [stdout]   --> src/rgb.rs:28:13
[INFO] [stdout]    |
[INFO] [stdout] 28 | use rand::{ Rand, Rng, thread_rng };
[INFO] [stdout]    |             ^^^^ no `Rand` in the root
[INFO] [stdout] 
[INFO] [stdout] 
[INFO] [stdout] error[E0432]: unresolved import `rand::Rand`
[INFO] [stdout]   --> src/hsv.rs:29:13
[INFO] [stdout]    |
[INFO] [stdout] 29 | use rand::{ Rand, Rng, thread_rng };
[INFO] [stdout]    |             ^^^^ no `Rand` in the root
[INFO] [stdout] 
[INFO] [stdout] 
[INFO] [stdout] error[E0432]: unresolved import `rand::Rand`
[INFO] [stdout]   --> src/ycbcr.rs:28:13
[INFO] [stdout]    |
[INFO] [stdout] 28 | use rand::{ Rand, Rng };
[INFO] [stdout]    |             ^^^^ no `Rand` in the root
[INFO] [stdout] 
[INFO] [stdout] 
[INFO] [stdout] error[E0432]: unresolved import `rand::Rand`
[INFO] [stdout]   --> src/srgb.rs:29:13
[INFO] [stdout]    |
[INFO] [stdout] 29 | use rand::{ Rand, Rng };
[INFO] [stdout]    |             ^^^^ no `Rand` in the root
[INFO] [stdout] 
[INFO] [stdout] 
[INFO] [stdout] error: aborting due to 4 previous errors
[INFO] [stdout] 
[INFO] [stdout] 
[INFO] [stdout] For more information about this error, try `rustc --explain E0432`.
[INFO] [stdout] 
[INFO] [stderr] error: could not compile `glm_color`.
[INFO] [stderr] 
[INFO] [stderr] To learn more, run the command again with --verbose.
[INFO] [stderr] warning: build failed, waiting for other jobs to finish...
[INFO] [stdout] error[E0432]: unresolved import `rand::Rand`
[INFO] [stdout]   --> src/rgb.rs:28:13
[INFO] [stdout]    |
[INFO] [stdout] 28 | use rand::{ Rand, Rng, thread_rng };
[INFO] [stdout]    |             ^^^^ no `Rand` in the root
[INFO] [stdout] 
[INFO] [stdout] 
[INFO] [stdout] error[E0432]: unresolved import `rand::Rand`
[INFO] [stdout]   --> src/hsv.rs:29:13
[INFO] [stdout]    |
[INFO] [stdout] 29 | use rand::{ Rand, Rng, thread_rng };
[INFO] [stdout]    |             ^^^^ no `Rand` in the root
[INFO] [stdout] 
[INFO] [stdout] 
[INFO] [stdout] error[E0432]: unresolved import `rand::Rand`
[INFO] [stdout]   --> src/ycbcr.rs:28:13
[INFO] [stdout]    |
[INFO] [stdout] 28 | use rand::{ Rand, Rng };
[INFO] [stdout]    |             ^^^^ no `Rand` in the root
[INFO] [stdout] 
[INFO] [stdout] 
[INFO] [stdout] error[E0432]: unresolved import `rand::Rand`
[INFO] [stdout]   --> src/srgb.rs:29:13
[INFO] [stdout]    |
[INFO] [stdout] 29 | use rand::{ Rand, Rng };
[INFO] [stdout]    |             ^^^^ no `Rand` in the root
[INFO] [stdout] 
[INFO] [stdout] 
[INFO] [stdout] warning: unused import: `quickcheck::*`
[INFO] [stdout]    --> src/rgb.rs:612:9
[INFO] [stdout]     |
[INFO] [stdout] 612 |     use quickcheck::*;
[INFO] [stdout]     |         ^^^^^^^^^^^^^
[INFO] [stdout]     |
[INFO] [stdout]     = note: `#[warn(unused_imports)]` on by default
[INFO] [stdout] 
[INFO] [stdout] 
[INFO] [stdout] warning: unused import: `gray`
[INFO] [stdout]    --> src/hsv.rs:464:21
[INFO] [stdout]     |
[INFO] [stdout] 464 |     use rgb::{ Rgb, gray };
[INFO] [stdout]     |                     ^^^^
[INFO] [stdout] 
[INFO] [stdout] 
[INFO] [stdout] error: aborting due to 4 previous errors; 2 warnings emitted
[INFO] [stdout] 
[INFO] [stdout] 
[INFO] [stdout] For more information about this error, try `rustc --explain E0432`.
[INFO] [stdout] 
[INFO] [stderr] error: build failed
[INFO] running `Command { std: "docker" "inspect" "f979f0f5e59dfda519b975cc92b41a3af6f6a8615e97e11c2dcb7ea05eb91aaf", kill_on_drop: false }`
[INFO] running `Command { std: "docker" "rm" "-f" "f979f0f5e59dfda519b975cc92b41a3af6f6a8615e97e11c2dcb7ea05eb91aaf", kill_on_drop: false }`
[INFO] [stdout] f979f0f5e59dfda519b975cc92b41a3af6f6a8615e97e11c2dcb7ea05eb91aaf
